[INFO] fetching crate kanidm_client 1.1.0-alpha...
[INFO] checking kanidm_client-1.1.0-alpha against try#72f88fc4e9458f89516a0b8b0868f3718aec5b47 for pr-74989
[INFO] extracting crate kanidm_client 1.1.0-alpha into /workspace/builds/worker-1/source
[INFO] validating manifest of crates.io crate kanidm_client 1.1.0-alpha on toolchain 72f88fc4e9458f89516a0b8b0868f3718aec5b47
[INFO] running `Command { std: "/workspace/cargo-home/bin/cargo" "+72f88fc4e9458f89516a0b8b0868f3718aec5b47" "read-manifest" "--manifest-path" "Cargo.toml", kill_on_drop: false }`
[INFO] started tweaking crates.io crate kanidm_client 1.1.0-alpha
[INFO] finished tweaking crates.io crate kanidm_client 1.1.0-alpha
[INFO] tweaked toml for crates.io crate kanidm_client 1.1.0-alpha written to /workspace/builds/worker-1/source/Cargo.toml
[INFO] running `Command { std: "/workspace/cargo-home/bin/cargo" "+72f88fc4e9458f89516a0b8b0868f3718aec5b47" "generate-lockfile" "--manifest-path" "Cargo.toml" "-Zno-index-update", kill_on_drop: false }`
[INFO] running `Command { std: "/workspace/cargo-home/bin/cargo" "+72f88fc4e9458f89516a0b8b0868f3718aec5b47" "fetch" "--locked" "--manifest-path" "Cargo.toml", kill_on_drop: false }`
[INFO] [stderr]  Downloading crates ...
[INFO] [stderr]   Downloaded time-macros-impl v0.1.1
[INFO] [stderr]   Downloaded time-macros v0.1.0
[INFO] [stderr]   Downloaded cookie v0.14.2
[INFO] [stderr]   Downloaded threadpool v1.8.1
[INFO] [stderr]   Downloaded actix-utils v1.0.6
[INFO] [stderr]   Downloaded actix-connect v1.0.2
[INFO] [stderr]   Downloaded actix-service v1.0.6
[INFO] [stderr]   Downloaded actix_derive v0.5.0
[INFO] [stderr]   Downloaded actix v0.9.0
[INFO] [stderr]   Downloaded actix-codec v0.2.0
[INFO] [stderr]   Downloaded time v0.2.19
[INFO] [stderr]   Downloaded tokio-util v0.2.0
[INFO] [stderr]   Downloaded standback v0.2.10
[INFO] [stderr]   Downloaded const_fn v0.4.2
[INFO] [stderr]   Downloaded actix-rt v1.1.1
[INFO] [stderr]   Downloaded actix-http v1.0.1
[INFO] [stderr]   Downloaded cookie_store v0.12.0
[INFO] [stderr]   Downloaded actix-threadpool v0.3.3
[INFO] [stderr]   Downloaded actix-macros v0.1.2
[INFO] running `Command { std: "docker" "create" "-v" "/var/lib/crater-agent-workspace/builds/worker-1/target:/opt/rustwide/target:rw,Z" "-v" "/var/lib/crater-agent-workspace/builds/worker-1/source:/opt/rustwide/workdir:ro,Z" "-v" "/var/lib/crater-agent-workspace/cargo-home:/opt/rustwide/cargo-home:ro,Z" "-v" "/var/lib/crater-agent-workspace/rustup-home:/opt/rustwide/rustup-home:ro,Z" "-e" "SOURCE_DIR=/opt/rustwide/workdir" "-e" "CARGO_TARGET_DIR=/opt/rustwide/target" "-e" "CARGO_HOME=/opt/rustwide/cargo-home" "-e" "RUSTUP_HOME=/opt/rustwide/rustup-home" "-w" "/opt/rustwide/workdir" "-m" "1610612736" "--user" "0:0" "--network" "none" "rustops/crates-build-env@sha256:d92eaeed33fa75130ca1ee6c8a01d1ffb62bac859dfdfb3450e3e5d1c0146529" "/opt/rustwide/cargo-home/bin/cargo" "+72f88fc4e9458f89516a0b8b0868f3718aec5b47" "metadata" "--no-deps" "--format-version=1", kill_on_drop: false }`
[INFO] [stdout] 4ef970c3c2668eda5959bd693ba4415bea449fe2254f8bd8f348d76b13a5864f
[INFO] [stderr] WARNING: Your kernel does not support swap limit capabilities or the cgroup is not mounted. Memory limited without swap.
[INFO] running `Command { std: "docker" "start" "-a" "4ef970c3c2668eda5959bd693ba4415bea449fe2254f8bd8f348d76b13a5864f", kill_on_drop: false }`
[INFO] running `Command { std: "docker" "inspect" "4ef970c3c2668eda5959bd693ba4415bea449fe2254f8bd8f348d76b13a5864f", kill_on_drop: false }`
[INFO] running `Command { std: "docker" "rm" "-f" "4ef970c3c2668eda5959bd693ba4415bea449fe2254f8bd8f348d76b13a5864f", kill_on_drop: false }`
[INFO] [stdout] 4ef970c3c2668eda5959bd693ba4415bea449fe2254f8bd8f348d76b13a5864f
[INFO] running `Command { std: "docker" "create" "-v" "/var/lib/crater-agent-workspace/builds/worker-1/target:/opt/rustwide/target:rw,Z" "-v" "/var/lib/crater-agent-workspace/builds/worker-1/source:/opt/rustwide/workdir:ro,Z" "-v" "/var/lib/crater-agent-workspace/cargo-home:/opt/rustwide/cargo-home:ro,Z" "-v" "/var/lib/crater-agent-workspace/rustup-home:/opt/rustwide/rustup-home:ro,Z" "-e" "SOURCE_DIR=/opt/rustwide/workdir" "-e" "CARGO_TARGET_DIR=/opt/rustwide/target" "-e" "CARGO_INCREMENTAL=0" "-e" "RUST_BACKTRACE=full" "-e" "RUSTFLAGS=--cap-lints=forbid" "-e" "CARGO_HOME=/opt/rustwide/cargo-home" "-e" "RUSTUP_HOME=/opt/rustwide/rustup-home" "-w" "/opt/rustwide/workdir" "-m" "1610612736" "--user" "0:0" "--network" "none" "rustops/crates-build-env@sha256:d92eaeed33fa75130ca1ee6c8a01d1ffb62bac859dfdfb3450e3e5d1c0146529" "/opt/rustwide/cargo-home/bin/cargo" "+72f88fc4e9458f89516a0b8b0868f3718aec5b47" "check" "--frozen" "--all" "--all-targets" "--message-format=json", kill_on_drop: false }`
[INFO] [stderr] WARNING: Your kernel does not support swap limit capabilities or the cgroup is not mounted. Memory limited without swap.
[INFO] [stdout] 51c949e4167cdb18f98cf5514ed2c913fb65975a35261e829378e51c8742636f
[INFO] running `Command { std: "docker" "start" "-a" "51c949e4167cdb18f98cf5514ed2c913fb65975a35261e829378e51c8742636f", kill_on_drop: false }`
[INFO] [stderr]    Compiling proc-macro2 v1.0.21
[INFO] [stderr]    Compiling unicode-xid v0.2.1
[INFO] [stderr]    Compiling syn v1.0.40
[INFO] [stderr]     Checking cfg-if v0.1.10
[INFO] [stderr]    Compiling autocfg v1.0.1
[INFO] [stderr]     Checking matches v0.1.8
[INFO] [stderr]     Checking smallvec v1.4.2
[INFO] [stderr]    Compiling pkg-config v0.3.18
[INFO] [stderr]    Compiling cc v1.0.59
[INFO] [stderr]     Checking adler v0.2.3
[INFO] [stderr]    Compiling failure_derive v0.1.8
[INFO] [stderr]     Checking instant v0.1.6
[INFO] [stderr]     Checking gimli v0.22.0
[INFO] [stderr]    Compiling strsim v0.9.3
[INFO] [stderr]     Checking rustc-demangle v0.1.16
[INFO] [stderr]     Checking object v0.20.0
[INFO] [stderr]    Compiling const_fn v0.4.2
[INFO] [stderr]     Checking match_cfg v0.1.0
[INFO] [stderr]    Compiling byteorder v1.3.4
[INFO] [stderr]     Checking linked-hash-map v0.5.3
[INFO] [stderr]    Compiling derive_builder v0.9.0
[INFO] [stderr]     Checking copyless v0.1.5
[INFO] [stderr]     Checking base32 v0.4.0
[INFO] [stderr]     Checking sha1 v0.6.0
[INFO] [stderr]     Checking language-tags v0.2.2
[INFO] [stderr]     Checking thread_local v1.0.1
[INFO] [stderr]     Checking tracing-core v0.1.16
[INFO] [stderr]    Compiling standback v0.2.10
[INFO] [stderr]    Compiling time v0.2.19
[INFO] [stderr]    Compiling error-chain v0.12.4
[INFO] [stderr]    Compiling cookie v0.14.2
[INFO] [stderr]     Checking lock_api v0.4.1
[INFO] [stderr]     Checking itertools v0.8.2
[INFO] [stderr]     Checking unicode-bidi v0.3.4
[INFO] [stderr]     Checking miniz_oxide v0.4.1
[INFO] [stderr]     Checking lru-cache v0.1.2
[INFO] [stderr]     Checking log v0.4.11
[INFO] [stderr]    Compiling indexmap v1.6.0
[INFO] [stderr]    Compiling num-traits v0.2.12
[INFO] [stderr]    Compiling num-integer v0.1.43
[INFO] [stderr]    Compiling crossbeam-utils v0.7.2
[INFO] [stderr]     Checking encoding_rs v0.8.24
[INFO] [stderr]     Checking iovec v0.1.4
[INFO] [stderr]     Checking net2 v0.2.35
[INFO] [stderr]     Checking num_cpus v1.13.0
[INFO] [stderr]     Checking signal-hook-registry v1.2.1
[INFO] [stderr]     Checking getrandom v0.1.15
[INFO] [stderr]     Checking socket2 v0.3.15
[INFO] [stderr]     Checking time v0.1.44
[INFO] [stderr]     Checking parking_lot_core v0.8.0
[INFO] [stderr]     Checking hostname v0.3.1
[INFO] [stderr]     Checking parking_lot_core v0.7.2
[INFO] [stderr]     Checking atty v0.2.14
[INFO] [stderr]     Checking tracing v0.1.19
[INFO] [stderr]     Checking want v0.3.0
[INFO] [stderr]     Checking idna v0.2.0
[INFO] [stderr]     Checking threadpool v1.8.1
[INFO] [stderr]     Checking resolv-conf v0.6.3
[INFO] [stderr]     Checking regex v1.3.9
[INFO] [stderr]     Checking rand_core v0.5.1
[INFO] [stderr]     Checking mio v0.6.22
[INFO] [stderr]     Checking parking_lot v0.10.2
[INFO] [stderr]     Checking parking_lot v0.11.0
[INFO] [stderr]     Checking fxhash v0.2.1
[INFO] [stderr]    Compiling quote v1.0.7
[INFO] [stderr]     Checking rand_chacha v0.2.2
[INFO] [stderr]     Checking url v2.1.1
[INFO] [stderr]     Checking rand v0.7.3
[INFO] [stderr]     Checking crossbeam-channel v0.4.4
[INFO] [stderr]    Compiling openssl-sys v0.9.58
[INFO] [stderr]     Checking mio-uds v0.6.8
[INFO] [stderr]     Checking tokio v0.2.22
[INFO] [stderr]     Checking fancy-regex v0.3.5
[INFO] [stderr]     Checking publicsuffix v1.5.4
[INFO] [stderr]     Checking env_logger v0.7.1
[INFO] [stderr]     Checking chrono v0.4.15
[INFO] [stderr]     Checking addr2line v0.13.0
[INFO] [stderr]    Compiling openssl v0.10.30
[INFO] [stderr]    Compiling native-tls v0.2.4
[INFO] [stderr]     Checking backtrace v0.3.50
[INFO] [stderr]     Checking tokio-util v0.3.1
[INFO] [stderr]     Checking tokio-util v0.2.0
[INFO] [stderr]     Checking actix-codec v0.2.0
[INFO] [stderr]     Checking tokio-tls v0.3.1
[INFO] [stderr]    Compiling synstructure v0.12.4
[INFO] [stderr]    Compiling darling_core v0.10.2
[INFO] [stderr]    Compiling pin-project-internal v0.4.23
[INFO] [stderr]    Compiling futures-macro v0.3.5
[INFO] [stderr]    Compiling serde_derive v1.0.116
[INFO] [stderr]    Compiling time-macros-impl v0.1.1
[INFO] [stderr]    Compiling derive_more v0.99.10
[INFO] [stderr]    Compiling actix-macros v0.1.2
[INFO] [stderr]    Compiling enum-as-inner v0.3.3
[INFO] [stderr]    Compiling async-trait v0.1.40
[INFO] [stderr]    Compiling thiserror-impl v1.0.20
[INFO] [stderr]    Compiling actix_derive v0.5.0
[INFO] [stderr]    Compiling darling_macro v0.10.2
[INFO] [stderr]     Checking time-macros v0.1.0
[INFO] [stderr]     Checking failure v0.1.8
[INFO] [stderr]     Checking thiserror v1.0.20
[INFO] [stderr]    Compiling darling v0.10.2
[INFO] [stderr]    Compiling derive_builder_core v0.9.0
[INFO] [stderr]     Checking pin-project v0.4.23
[INFO] [stderr]     Checking futures-util v0.3.5
[INFO] [stderr]     Checking actix-threadpool v0.3.3
[INFO] [stderr]     Checking serde v1.0.116
[INFO] [stderr]     Checking futures-executor v0.3.5
[INFO] [stderr]     Checking h2 v0.2.6
[INFO] [stderr]     Checking actix-service v1.0.6
[INFO] [stderr]     Checking actix-rt v1.1.1
[INFO] [stderr]     Checking futures v0.3.5
[INFO] [stderr]     Checking trust-dns-proto v0.18.0-alpha.2
[INFO] [stderr]     Checking actix-utils v1.0.6
[INFO] [stderr]     Checking trust-dns-resolver v0.18.0-alpha.2
[INFO] [stderr]     Checking actix-connect v1.0.2
[INFO] [stderr]     Checking serde_json v1.0.57
[INFO] [stderr]     Checking serde_urlencoded v0.6.1
[INFO] [stderr]     Checking uuid v0.8.1
[INFO] [stderr]     Checking zxcvbn v2.0.1
[INFO] [stderr]     Checking toml v0.5.6
[INFO] [stderr]     Checking kanidm_proto v1.1.0-alpha
[INFO] [stderr]     Checking hyper v0.13.7
[INFO] [stderr]     Checking cookie_store v0.12.0
[INFO] [stderr]     Checking actix-http v1.0.1
[INFO] [stderr]     Checking actix v0.9.0
[INFO] [stderr]     Checking hyper-tls v0.4.3
[INFO] [stderr]     Checking reqwest v0.10.8
[INFO] [stderr]     Checking kanidm_client v1.1.0-alpha (/opt/rustwide/workdir)
[INFO] [stdout] error[E0433]: failed to resolve: use of undeclared type or module `kanidm`
[INFO] [stdout]  --> tests/common.rs:5:5
[INFO] [stdout]   |
[INFO] [stdout] 5 | use kanidm::audit::LogLevel;
[INFO] [stdout]   |     ^^^^^^ use of undeclared type or module `kanidm`
[INFO] [stdout] 
[INFO] [stdout] 
[INFO] [stdout] error[E0433]: failed to resolve: use of undeclared type or module `kanidm`
[INFO] [stdout]  --> tests/common.rs:6:5
[INFO] [stdout]   |
[INFO] [stdout] 6 | use kanidm::config::{Configuration, IntegrationTestConfig};
[INFO] [stdout]   |     ^^^^^^ use of undeclared type or module `kanidm`
[INFO] [stdout] 
[INFO] [stdout] 
[INFO] [stdout] error[E0433]: failed to resolve: use of undeclared type or module `kanidm`
[INFO] [stdout]  --> tests/common.rs:7:5
[INFO] [stdout]   |
[INFO] [stdout] 7 | use kanidm::core::create_server_core;
[INFO] [stdout]   |     ^^^^^^ use of undeclared type or module `kanidm`
[INFO] [stdout] 
[INFO] [stdout] 
[INFO] [stdout] error[E0433]: failed to resolve: use of undeclared type or module `kanidm`
[INFO] [stdout]  --> tests/common.rs:5:5
[INFO] [stdout]   |
[INFO] [stdout] 5 | use kanidm::audit::LogLevel;
[INFO] [stdout]   |     ^^^^^^ use of undeclared type or module `kanidm`
[INFO] [stdout] 
[INFO] [stdout] 
[INFO] [stdout] error[E0433]: failed to resolve: use of undeclared type or module `kanidm`
[INFO] [stdout]  --> tests/common.rs:6:5
[INFO] [stdout]   |
[INFO] [stdout] 6 | use kanidm::config::{Configuration, IntegrationTestConfig};
[INFO] [stdout]   |     ^^^^^^ use of undeclared type or module `kanidm`
[INFO] [stdout] 
[INFO] [stdout] 
[INFO] [stdout] error[E0433]: failed to resolve: use of undeclared type or module `kanidm`
[INFO] [stdout]  --> tests/common.rs:7:5
[INFO] [stdout]   |
[INFO] [stdout] 7 | use kanidm::core::create_server_core;
[INFO] [stdout]   |     ^^^^^^ use of undeclared type or module `kanidm`
[INFO] [stdout] 
[INFO] [stdout] 
[INFO] [stdout] error[E0433]: failed to resolve: use of undeclared type or module `Configuration`
[INFO] [stdout]   --> tests/common.rs:33:22
[INFO] [stdout]    |
[INFO] [stdout] 33 |     let mut config = Configuration::new();
[INFO] [stdout]    |                      ^^^^^^^^^^^^^ use of undeclared type or module `Configuration`
[INFO] [stdout] 
[INFO] [stdout] 
[INFO] [stdout] error[E0433]: failed to resolve: use of undeclared type or module `LogLevel`
[INFO] [stdout]   --> tests/common.rs:37:29
[INFO] [stdout]    |
[INFO] [stdout] 37 |     config.log_level = Some(LogLevel::Quiet as u32);
[INFO] [stdout]    |                             ^^^^^^^^ use of undeclared type or module `LogLevel`
[INFO] [stdout] 
[INFO] [stdout] 
[INFO] [stdout] error[E0422]: cannot find struct, variant or union type `IntegrationTestConfig` in this scope
[INFO] [stdout]   --> tests/common.rs:28:31
[INFO] [stdout]    |
[INFO] [stdout] 28 |     let int_config = Box::new(IntegrationTestConfig {
[INFO] [stdout]    |                               ^^^^^^^^^^^^^^^^^^^^^ not found in this scope
[INFO] [stdout] 
[INFO] [stdout] 
[INFO] [stdout] error[E0425]: cannot find function `create_server_core` in this scope
[INFO] [stdout]   --> tests/common.rs:45:24
[INFO] [stdout]    |
[INFO] [stdout] 45 |             let sctx = create_server_core(config).await;
[INFO] [stdout]    |                        ^^^^^^^^^^^^^^^^^^ not found in this scope
[INFO] [stdout] 
[INFO] [stdout] 
[INFO] [stdout] error[E0433]: failed to resolve: use of undeclared type or module `Configuration`
[INFO] [stdout]   --> tests/common.rs:33:22
[INFO] [stdout]    |
[INFO] [stdout] 33 |     let mut config = Configuration::new();
[INFO] [stdout]    |                      ^^^^^^^^^^^^^ use of undeclared type or module `Configuration`
[INFO] [stdout] 
[INFO] [stdout] 
[INFO] [stdout] error[E0433]: failed to resolve: use of undeclared type or module `LogLevel`
[INFO] [stdout]   --> tests/common.rs:37:29
[INFO] [stdout]    |
[INFO] [stdout] 37 |     config.log_level = Some(LogLevel::Quiet as u32);
[INFO] [stdout]    |                             ^^^^^^^^ use of undeclared type or module `LogLevel`
[INFO] [stdout] 
[INFO] [stdout] 
[INFO] [stdout] error[E0422]: cannot find struct, variant or union type `IntegrationTestConfig` in this scope
[INFO] [stdout]   --> tests/common.rs:28:31
[INFO] [stdout]    |
[INFO] [stdout] 28 |     let int_config = Box::new(IntegrationTestConfig {
[INFO] [stdout]    |                               ^^^^^^^^^^^^^^^^^^^^^ not found in this scope
[INFO] [stdout] 
[INFO] [stdout] 
[INFO] [stdout] error[E0425]: cannot find function `create_server_core` in this scope
[INFO] [stdout]   --> tests/common.rs:45:24
[INFO] [stdout]    |
[INFO] [stdout] 45 |             let sctx = create_server_core(config).await;
[INFO] [stdout]    |                        ^^^^^^^^^^^^^^^^^^ not found in this scope
[INFO] [stdout] 
[INFO] [stdout] 
[INFO] [stdout] error[E0433]: failed to resolve: use of undeclared type or module `kanidm`
[INFO] [stdout]  --> tests/proto_v1_test.rs:6:5
[INFO] [stdout]   |
[INFO] [stdout] 6 | use kanidm::credential::totp::TOTP;
[INFO] [stdout]   |     ^^^^^^ use of undeclared type or module `kanidm`
[INFO] [stdout] 
[INFO] [stdout] 
[INFO] [stdout] error[E0433]: failed to resolve: use of undeclared type or module `kanidm`
[INFO] [stdout]  --> tests/common.rs:5:5
[INFO] [stdout]   |
[INFO] [stdout] 5 | use kanidm::audit::LogLevel;
[INFO] [stdout]   |     ^^^^^^ use of undeclared type or module `kanidm`
[INFO] [stdout] 
[INFO] [stdout] 
[INFO] [stdout] error[E0433]: failed to resolve: use of undeclared type or module `kanidm`
[INFO] [stdout]  --> tests/common.rs:6:5
[INFO] [stdout]   |
[INFO] [stdout] 6 | use kanidm::config::{Configuration, IntegrationTestConfig};
[INFO] [stdout]   |     ^^^^^^ use of undeclared type or module `kanidm`
[INFO] [stdout] 
[INFO] [stdout] 
[INFO] [stdout] error[E0433]: failed to resolve: use of undeclared type or module `kanidm`
[INFO] [stdout]  --> tests/common.rs:7:5
[INFO] [stdout]   |
[INFO] [stdout] 7 | use kanidm::core::create_server_core;
[INFO] [stdout]   |     ^^^^^^ use of undeclared type or module `kanidm`
[INFO] [stdout] 
[INFO] [stdout] 
[INFO] [stdout] error: aborting due to 7 previous errors
[INFO] [stdout] 
[INFO] [stdout] 
[INFO] [stdout] Some errors have detailed explanations: E0422, E0425, E0433.
[INFO] [stdout] 
[INFO] [stdout] For more information about an error, try `rustc --explain E0422`.
[INFO] [stdout] 
[INFO] [stderr] error: could not compile `kanidm_client`.
[INFO] [stderr] 
[INFO] [stderr] To learn more, run the command again with --verbose.
[INFO] [stderr] warning: build failed, waiting for other jobs to finish...
[INFO] [stdout] error: aborting due to 7 previous errors
[INFO] [stdout] 
[INFO] [stdout] 
[INFO] [stdout] Some errors have detailed explanations: E0422, E0425, E0433.
[INFO] [stdout] 
[INFO] [stdout] For more information about an error, try `rustc --explain E0422`.
[INFO] [stdout] 
[INFO] [stdout] error[E0433]: failed to resolve: use of undeclared type or module `Configuration`
[INFO] [stdout]   --> tests/common.rs:33:22
[INFO] [stdout]    |
[INFO] [stdout] 33 |     let mut config = Configuration::new();
[INFO] [stdout]    |                      ^^^^^^^^^^^^^ use of undeclared type or module `Configuration`
[INFO] [stdout] 
[INFO] [stdout] 
[INFO] [stdout] error[E0433]: failed to resolve: use of undeclared type or module `LogLevel`
[INFO] [stdout]   --> tests/common.rs:37:29
[INFO] [stdout]    |
[INFO] [stdout] 37 |     config.log_level = Some(LogLevel::Quiet as u32);
[INFO] [stdout]    |                             ^^^^^^^^ use of undeclared type or module `LogLevel`
[INFO] [stdout] 
[INFO] [stdout] 
[INFO] [stdout] error[E0422]: cannot find struct, variant or union type `IntegrationTestConfig` in this scope
[INFO] [stdout]   --> tests/common.rs:28:31
[INFO] [stdout]    |
[INFO] [stdout] 28 |     let int_config = Box::new(IntegrationTestConfig {
[INFO] [stdout]    |                               ^^^^^^^^^^^^^^^^^^^^^ not found in this scope
[INFO] [stdout] 
[INFO] [stdout] 
[INFO] [stdout] error[E0425]: cannot find function `create_server_core` in this scope
[INFO] [stdout]   --> tests/common.rs:45:24
[INFO] [stdout]    |
[INFO] [stdout] 45 |             let sctx = create_server_core(config).await;
[INFO] [stdout]    |                        ^^^^^^^^^^^^^^^^^^ not found in this scope
[INFO] [stdout] 
[INFO] [stdout] 
[INFO] [stdout] error[E0412]: cannot find type `TOTP` in this scope
[INFO] [stdout]    --> tests/proto_v1_test.rs:737:20
[INFO] [stdout]     |
[INFO] [stdout] 737 |         let r_tok: TOTP = tok.into();
[INFO] [stdout]     |                    ^^^^ not found in this scope
[INFO] [stdout]     |
[INFO] [stdout] help: there is an enum variant `kanidm_proto::v1::AuthAllowed::TOTP` and 1 other; try using the variant's enum
[INFO] [stdout]     |
[INFO] [stdout] 737 |         let r_tok: kanidm_proto::v1::AuthAllowed = tok.into();
[INFO] [stdout]     |                    ^^^^^^^^^^^^^^^^^^^^^^^^^^^^^
[INFO] [stdout] 737 |         let r_tok: kanidm_proto::v1::AuthCredential = tok.into();
[INFO] [stdout]     |                    ^^^^^^^^^^^^^^^^^^^^^^^^^^^^^^^^
[INFO] [stdout] 
[INFO] [stdout] 
[INFO] [stdout] error: aborting due to 9 previous errors
[INFO] [stdout] 
[INFO] [stdout] 
[INFO] [stdout] Some errors have detailed explanations: E0412, E0422, E0425, E0433.
[INFO] [stdout] 
[INFO] [stdout] For more information about an error, try `rustc --explain E0412`.
[INFO] [stdout] 
[INFO] [stderr] error: build failed
[INFO] running `Command { std: "docker" "inspect" "51c949e4167cdb18f98cf5514ed2c913fb65975a35261e829378e51c8742636f", kill_on_drop: false }`
[INFO] running `Command { std: "docker" "rm" "-f" "51c949e4167cdb18f98cf5514ed2c913fb65975a35261e829378e51c8742636f", kill_on_drop: false }`
[INFO] [stdout] 51c949e4167cdb18f98cf5514ed2c913fb65975a35261e829378e51c8742636f
